ue
Is 153 a multiple of 7?
False
Does 3 divide 64?
False
Is 35 a factor of 1648?
False
Is 7057 a multiple of 116?
False
Is 53 a factor of 1008?
False
Is 510 a multiple of 28?
False
Does 2 divide 97?
False
Does 4 divide 34460?
True
Does 17 divide 9622?
True
Does 10 divide 830?
True
Is 203 a factor of 4263?
True
Does 14 divide 1559?
False
Is 758 a multiple of 19?
False
Is 86 a factor of 3354?
True
Does 10 divide 5752?
False
Is 14 a factor of 5418?
True
Is 45 a factor of 80782?
False
Is 209 a factor of 63327?
True
Is 50 a factor of 686?
False
Is 174 even?
True
Does 13 divide 12519?
True
Does 15 divide 9975?
True
Does 21 divide 3234?
True
Does 5 divide 3490?
True
Is 11 a factor of 12121?
False
Is 1148 a multiple of 7?
True
Is 2044 a multiple of 73?
True
Is 1979 a multiple of 11?
False
Is 74 a factor of 21312?
True
Does 20 divide 2385?
False
Is 12 a factor of 430?
False
Is 25 a factor of 51317?
False
Is 54 a multiple of 21?
False
Is 90 a factor of 990?
True
Is 21 a factor of 59893?
False
Is 41 a factor of 1312?
True
Is 27 a factor of 8486?
False
Is 131 even?
False
Is 92 a factor of 125120?
True
Does 34 divide 1212?
False
Is 20862 a multiple of 22?
False
Is 10125 a multiple of 17?
False
Is 736 a multiple of 2?
True
Does 14 divide 42099?
False
Is 932 a multiple of 22?
False
Is 600 a multiple of 20?
True
Is 2421 a multiple of 19?
False
Is 31157 a multiple of 57?
False
Does 4 divide 1436?
True
Is 264 a factor of 7656?
True
Does 39 divide 1014?
True
Is 2700 a multiple of 30?
True
Is 6669 a multiple of 57?
True
Is 14700 a multiple of 5?
True
Is 3942 a multiple of 27?
True
Is 45396 a multiple of 234?
True
Is 175 a multiple of 7?
True
Is 210 a factor of 23310?
True
Is 950 a multiple of 25?
True
Does 8 divide 45?
False
Is 154 a multiple of 77?
True
Is 4 a factor of 1896?
True
Is 314 a multiple of 48?
False
Is 49 a factor of 40229?
True
Is 35941 a multiple of 69?
False
Is 42 a factor of 3738?
True
Is 5 a factor of 233?
False
Is 82 a factor of 2214?
True
Is 516 a multiple of 12?
True
Is 36 a factor of 1080?
True
Is 344 a multiple of 3?
False
Is 290 a factor of 68507?
False
Is 8 a factor of 2128?
True
Is 12 a factor of 3300?
True
Does 44 divide 2068?
True
Is 1400 a multiple of 28?
True
Does 26 divide 306?
False
Is 33 a factor of 2484?
False
Is 5 a factor of 2109?
False
Does 10 divide 3671?
False
Is 343 a multiple of 49?
True
Is 41 a factor of 51701?
True
Does 70 divide 490?
True
Is 1921 a multiple of 14?
False
Is 360 a multiple of 8?
True
Is 6128 a multiple of 19?
False
Does 22 divide 2310?
True
Is 21 a factor of 1336?
False
Does 176 divide 6512?
True
Does 41 divide 41?
True
Does 70 divide 31430?
True
Is 8 a factor of 617?
False
Is 7 a factor of 5023?
False
Is 9 a factor of 3096?
True
Is 39 a factor of 5616?
True
Is 21750 a multiple of 5?
True
Is 100 a factor of 24775?
False
Is 152 a multiple of 21?
False
Is 19 a factor of 665?
True
Does 2 divide 581?
False
Is 37 a factor of 4447?
False
Is 11 a factor of 38155?
False
Is 4684 a multiple of 15?
False
Is 271 a factor of 9756?
True
Does 22 divide 474?
False
Is 1305 a multiple of 23?
False
Is 10 a factor of 3450?
True
Is 4 a factor of 396?
True
Is 15 a factor of 82?
False
Is 33 a factor of 726?
True
Is 1918 a multiple of 14?
True
Does 245 divide 54635?
True
Is 1802 a multiple of 34?
True
Is 5636 a multiple of 15?
False
Is 342 a multiple of 13?
False
Is 12046 a multiple of 38?
True
Does 185 divide 7585?
True
Is 141 a factor of 6405?
False
Is 5580 a multiple of 93?
True
Is 28485 a multiple of 15?
True
Does 26 divide 624?
True
Does 13 divide 11882?
True
Is 68 a multiple of 10?
False
Is 2 a factor of 478?
True
Does 20 divide 640?
True
Does 16 divide 205?
False
Is 51017 a multiple of 18?
False
Does 18 divide 8748?
True
Is 5 a factor of 135?
True
Is 13 a factor of 1443?
True
Is 21 a factor of 588?
True
Is 2392 a multiple of 18?
False
Is 118 a factor of 7279?
False
Is 11 a factor of 88?
True
Is 79 a factor of 2802?
False
Does 324 divide 24679?
False
Is 21480 a multiple of 179?
True
Is 7 a factor of 8750?
True
Is 2695 a multiple of 77?
True
Does 49 divide 5405?
False
Does 83 divide 747?
True
Is 75 a factor of 3350?
False
Is 11 a factor of 242?
True
Does 56 divide 22792?
True
Is 957 a multiple of 29?
True
Is 8863 a multiple of 44?
False
Is 18 a factor of 623?
False
Is 10989 a multiple of 37?
True
Is 13 a factor of 3644?
False
Is 3957 a multiple of 134?
False
Is 174 a multiple of 6?
True
Is 606 a multiple of 8?
False
Is 20520 a multiple of 24?
True
Is 721 a multiple of 11?
False
Is 8 a factor of 441?
False
Is 31 a factor of 1542?
False
Is 65 a factor of 260?
True
Does 112 divide 32571?
False
Does 60 divide 480?
True
Is 1515 a multiple of 38?
False
Does 21 divide 4854?
False
Does 146 divide 33580?
True
Is 9828 a multiple of 7?
True
Is 136 a factor of 44744?
True
Is 13 a factor of 1311?
False
Does 150 divide 71250?
True
Is 5 a factor of 32?
False
Is 27 a factor of 10611?
True
Is 3060 a multiple of 10?
True
Is 20 a factor of 4334?
False
Is 3 a multiple of 3?
True
Does 11 divide 300?
False
Is 28839 a multiple of 124?
False
Is 36633 a multiple of 134?
False
Is 31 a factor of 4399?
False
Does 21 divide 10519?
False
Does 20 divide 11800?
True
Is 19 a factor of 46379?
True
Is 22 a factor of 1122?
True
Does 3 divide 8757?
True
Is 3 a factor of 2645?
False
Is 906 a multiple of 14?
False
Does 37 divide 1776?
True
Does 16 divide 20016?
True
Is 3190 a multiple of 14?
False
Is 285 a multiple of 15?
True
Does 50 divide 87794?
False
Is 3 a factor of 8585?
False
Is 107 a factor of 21293?
True
Is 281 a multiple of 14?
False
Is 8 a factor of 28184?
True
Is 44 a factor of 10560?
True
Is 30393 a multiple of 18?
False
Is 38 a factor of 1140?
True
Does 34 divide 5585?
False
Does 72 divide 10152?
True
Does 18 divide 1111?
False
Does 19 divide 112166?
False
Does 16 divide 1461?
False
Is 675 a multiple of 5?
True
Is 15770 a multiple of 38?
True
Is 24 a factor of 8016?
True
Does 69 divide 11397?
False
Does 102 divide 25602?
True
Is 75 a factor of 5593?
False
Is 14136 a multiple of 57?
True
Is 12 a factor of 11582?
False
Is 4131 a multiple of 27?
True
Is 27 a factor of 621?
True
Is 45632 a multiple of 57?
False
Is 120 a multiple of 10?
True
Does 38 divide 18544?
True
Is 7909 a multiple of 4?
False
Is 14 a factor of 1106?
True
Is 9560 a multiple of 239?
True
Does 20 divide 2640?
True
Is 99 a factor of 3366?
True
Is 116 a factor of 13642?
False
Is 45200 a multiple of 17?
False
Does 7 divide 10757?
False
Does 28 divide 30969?
False
Does 8 divide 156?
False
Does 92 divide 1129?
False
Is 28 a factor of 18710?
False
Is 18 a factor of 7234?
False
Is 17 a factor of 3298?
True
Is 14798 a multiple of 151?
True
Is 213 a factor of 12564?
False
Is 2856 a multiple of 17?
True
Does 70 divide 206?
False
Does 45 divide 540?
True
Does 7 divide 15525?
False
Does 52 divide 20384?
True
Is 2971 a multiple of 17?
False
Is 47 a factor of 1081?
True
Does 20 divide 160?
True
Does 24 divide 2352?
True
Is 7877 a multiple of 9?
False
Is 54 a factor of 2700?
True
Is 1765 a multiple of 59?
False
Does 3 divide 180?
True
Does 21 divide 84?
True
Is 396 a factor of 79596?
True
Is 47544 a multiple of 18?
False
Is 589 a multiple of 10?
False
Does 49 divide 148?
False
Is 10 a factor of 60?
True
Is 5265 a multiple of 81?
True
Is 32 a factor of 7867?
False
Is 1160 a multiple of 40?
True
Is 1332 a multiple of 37?
True
Is 7510 a multiple of 10?
True
Is 42 a factor of 1848?
True
Is 14923 a multiple of 106?
False
Is 364 a multiple of 4?
True
Is 52584 a multiple of 168?
True
Is 19297 a multiple of 23?
True
Is 13 a factor of 42?
False
Is 55 a factor of 15620?
True
Does 21 divide 3675?
True
Does 24 divide 2941?
False
Is 252 a multiple of 3?
True
Is 7052 a multiple of 41?
True
Does 3 divide 1006?
False
Does 145 divide 35475?
False
Does 7 divide 2487?
False
Is 5 a factor of 1135?
True
Is 11 a factor of 33094?
False
Is 9 a factor of 63?
True
Is 10 a factor of 7880?
True
Is 235 a multiple of 5?
True
Is 2014 a multiple of 13?
False
Is 49 a factor of 2058?
True
Is 1911 a multiple of 4?
False
Does 60 divide 6691?
False
Is 266 even?
True
Is 8755 a multiple of 103?
True
Is 8 a factor of 4346?
False
Is 146412 a multiple of 249?
True
Is 89 a factor of 4895?
True
Is 2418 a multiple of 39?
True
Is 117 a fa